{"id":4128,"date":"2021-09-18T21:58:46","date_gmt":"2021-09-19T02:58:46","guid":{"rendered":"http:\/\/www.prisma.org.pe\/investigacion\/?page_id=4128"},"modified":"2021-12-16T11:25:58","modified_gmt":"2021-12-16T16:25:58","slug":"articulos-cientificos","status":"publish","type":"page","link":"https:\/\/www.prisma.org.pe\/investigacion\/articulos-cientificos\/","title":{"rendered":"Art\u00edculos cient\u00edficos"},"content":{"rendered":"<div class=\"wp-block-column\" style=\"display: flex; flex-direction: row; flex-wrap: nowrap; justify-content: center; align-content: center; margin: 0;\">\n<figure class=\"size-full\" style=\"padding: 0 2rem;\"><img loading=\"lazy\" decoding=\"async\" class=\"alignnone wp-image-4229 size-full\" src=\"https:\/\/www.prisma.org.pe\/investigacion\/wp-content\/uploads\/2021\/10\/usaid-banner.png\" alt=\"\" width=\"189\" height=\"61\" srcset=\"https:\/\/www.prisma.org.pe\/investigacion\/wp-content\/uploads\/2021\/10\/usaid-banner.png 189w, https:\/\/www.prisma.org.pe\/investigacion\/wp-content\/uploads\/2021\/10\/usaid-banner-175x56.png 175w\" sizes=\"auto, (max-width: 189px) 100vw, 189px\" \/><\/figure>\n<figure class=\"size-full\" style=\"padding: 0 2rem;\"><img loading=\"lazy\" decoding=\"async\" width=\"60\" height=\"76\" class=\"alignnone wp-image-4196 size-full\" src=\"https:\/\/www.prisma.org.pe\/investigacion\/wp-content\/uploads\/2021\/09\/prisma-movile.png\" alt=\"\"><\/figure>\n<\/div>\n\n\n<h2 class=\"has-text-align-center has-text-color wp-block-heading\" style=\"color:#86194f\"><strong>INFORMACI\u00d3N CIENT\u00cdFICA DESTACADA <\/strong><\/h2>\n\n\n\n<h2 class=\"has-text-align-center has-text-color wp-block-heading\" style=\"color:#86194f\"><strong>SOBRE COVID-19<\/strong><\/h2>\n\n\n\n<div style=\"height:19px\" aria-hidden=\"true\" class=\"wp-block-spacer\"><\/div>\n\n\n\n<p>El objetivo de esta secci\u00f3n es presentar informaci\u00f3n que contribuya al mejor entendimiento del COVID-19 en el Per\u00fa.<\/p>\n\n\n\n<p>Para una mejor comprensi\u00f3n, detalle o an\u00e1lisis de la informaci\u00f3n presentada se recomienda acceder a la fuente original a trav\u00e9s del enlace que se pone a disposici\u00f3n.<\/p>\n\n\n\n<p>La informaci\u00f3n que se presenta es referencial y se obtiene de fuentes cient\u00edficas reconocidas. Prisma ONG recopila la informaci\u00f3n en el marco del Proyecto \u201cApoyo a la vacunaci\u00f3n contra COVID-19 en el Per\u00fa\u201d que se implementa con el apoyo de USAID, solo presenta la informaci\u00f3n y no es responsable del uso que los lectores puedan hacer de ella.<\/p>\n\n\n\n<p>Prisma ONG realiza la selecci\u00f3n solo de informaci\u00f3n que considera relevante en el marco del Proyecto referido. Por lo tanto, la b\u00fasqueda de informaci\u00f3n est\u00e1 focalizada a determinados aspectos de la pandemia por COVID-19, y no necesariamente cubre todos los aspectos en los que el lector podr\u00eda estar interesado.<\/p>\n","protected":false},"excerpt":{"rendered":"<p>INFORMACI\u00d3N CIENT\u00cdFICA DESTACADA SOBRE COVID-19 El objetivo de esta secci\u00f3n es presentar informaci\u00f3n que contribuya al mejor entendimiento del COVID-19 en el Per\u00fa. Para una mejor comprensi\u00f3n, detalle o an\u00e1lisis de la informaci\u00f3n presentada se recomienda acceder a la fuente original a trav\u00e9s del enlace que se pone a disposici\u00f3n. La informaci\u00f3n que se presenta <\/p>\n","protected":false},"author":3,"featured_media":0,"parent":0,"menu_order":0,"comment_status":"open","ping_status":"closed","template":"template-articulos-cientificos.php","meta":{"footnotes":""},"class_list":["post-4128","page","type-page","status-publish"],"_links":{"self":[{"href":"https:\/\/www.prisma.org.pe\/investigacion\/wp-json\/wp\/v2\/pages\/4128","targetHints":{"allow":["GET"]}}],"collection":[{"href":"https:\/\/www.prisma.org.pe\/investigacion\/wp-json\/wp\/v2\/pages"}],"about":[{"href":"https:\/\/www.prisma.org.pe\/investigacion\/wp-json\/wp\/v2\/types\/page"}],"author":[{"embeddable":true,"href":"https:\/\/www.prisma.org.pe\/investigacion\/wp-json\/wp\/v2\/users\/3"}],"replies":[{"embeddable":true,"href":"https:\/\/www.prisma.org.pe\/investigacion\/wp-json\/wp\/v2\/comments?post=4128"}],"version-history":[{"count":42,"href":"https:\/\/www.prisma.org.pe\/investigacion\/wp-json\/wp\/v2\/pages\/4128\/revisions"}],"predecessor-version":[{"id":4302,"href":"https:\/\/www.prisma.org.pe\/investigacion\/wp-json\/wp\/v2\/pages\/4128\/revisions\/4302"}],"wp:attachment":[{"href":"https:\/\/www.prisma.org.pe\/investigacion\/wp-json\/wp\/v2\/media?parent=4128"}],"curies":[{"name":"wp","href":"https:\/\/api.w.org\/{rel}","templated":true}]}}